
{"id":3395,"date":"2025-12-03T14:29:40","date_gmt":"2025-12-03T14:29:40","guid":{"rendered":"https:\/\/multitrend.uy\/?product=plato-plegable-en-silicona-comedero-bebedero-para-mascotas-2"},"modified":"2026-04-14T07:19:17","modified_gmt":"2026-04-14T07:19:17","slug":"plato-plegable-en-silicona-comedero-bebedero-para-mascotas-2","status":"publish","type":"product","link":"https:\/\/multitrend.uy\/?product=plato-plegable-en-silicona-comedero-bebedero-para-mascotas-2","title":{"rendered":"Plato Plegable En Silicona Comedero &#8211; Bebedero Para Mascotas"},"content":{"rendered":"<p>El Plato Plegable en Silicona de la marca MULTITREND es la soluci\u00f3n ideal para aquellos que buscan comodidad y funcionalidad en un comedero o bebedero para mascotas. Con un dise\u00f1o plegable y un di\u00e1metro de 10 cm, este cuenco es perfecto para llevar en viajes o para espacios reducidos en el hogar. Su capacidad de 350 mL asegura que tu mascota se mantenga hidratada y alimentada sin complicaciones.<\/p>\n<p>El material de pl\u00e1stico de alta calidad ofrece durabilidad y es f\u00e1cil de limpiar, lo que lo convierte en una opci\u00f3n pr\u00e1ctica para el d\u00eda a d\u00eda. Adem\u00e1s, cuenta con caracter\u00edsticas antiahogo y antideslizantes, brindando seguridad durante las comidas y el tiempo de hidrataci\u00f3n de tu mascota. Este comedero es esencial para mantener a tus animales c\u00f3modos y felices, donde sea que est\u00e9s.<\/p>\n<p>Llevar contigo el Plato Plegable en Silicona significa disfrutar de la conveniencia de un producto que se adapta a tu estilo de vida y a las necesidades de tu mascota. Su dise\u00f1o ingenioso as\u00ed como su capacidad de plegarse lo hacen un accesorio indispensable tanto en casa como al aire libre. Mejora la experiencia de tu mascota con un producto que combina calidad y funcionalidad en un solo lugar.<\/p>\n","protected":false},"excerpt":{"rendered":"<p>El Plato Plegable en Silicona de la marca MULTITREND es la soluci\u00f3n ideal para aquellos que buscan comodidad y funcionalidad en un comedero o bebedero para mascotas. Con un dise\u00f1o plegable y un di\u00e1metro de 10 cm, este cuenco es perfecto para llevar en viajes o para espacios reducidos en el hogar. Su capacidad de [&hellip;]<\/p>\n","protected":false},"featured_media":3396,"comment_status":"open","ping_status":"closed","template":"","meta":{"_acf_changed":false},"product_brand":[],"product_cat":[36,20],"product_tag":[],"class_list":{"0":"post-3395","1":"product","2":"type-product","3":"status-publish","4":"has-post-thumbnail","6":"product_cat-cuencos","7":"product_cat-mascotas","9":"first","10":"instock","11":"taxable","12":"shipping-taxable","13":"purchasable","14":"product-type-variable","15":"has-default-attributes"},"acf":[],"_links":{"self":[{"href":"https:\/\/multitrend.uy\/index.php?rest_route=\/wp\/v2\/product\/3395","targetHints":{"allow":["GET"]}}],"collection":[{"href":"https:\/\/multitrend.uy\/index.php?rest_route=\/wp\/v2\/product"}],"about":[{"href":"https:\/\/multitrend.uy\/index.php?rest_route=\/wp\/v2\/types\/product"}],"replies":[{"embeddable":true,"href":"https:\/\/multitrend.uy\/index.php?rest_route=%2Fwp%2Fv2%2Fcomments&post=3395"}],"wp:featuredmedia":[{"embeddable":true,"href":"https:\/\/multitrend.uy\/index.php?rest_route=\/wp\/v2\/media\/3396"}],"wp:attachment":[{"href":"https:\/\/multitrend.uy\/index.php?rest_route=%2Fwp%2Fv2%2Fmedia&parent=3395"}],"wp:term":[{"taxonomy":"product_brand","embeddable":true,"href":"https:\/\/multitrend.uy\/index.php?rest_route=%2Fwp%2Fv2%2Fproduct_brand&post=3395"},{"taxonomy":"product_cat","embeddable":true,"href":"https:\/\/multitrend.uy\/index.php?rest_route=%2Fwp%2Fv2%2Fproduct_cat&post=3395"},{"taxonomy":"product_tag","embeddable":true,"href":"https:\/\/multitrend.uy\/index.php?rest_route=%2Fwp%2Fv2%2Fproduct_tag&post=3395"}],"curies":[{"name":"wp","href":"https:\/\/api.w.org\/{rel}","templated":true}]}}